r(v) = -v**2. Let a be 8/(-24) - 1/(-3). Let b be r(a). Suppose 2*o + 2*m - 32 = b, 4*o + m + 2*m - 59 = 0. What are the prime factors of o?
11
Let q(i) be the third derivative of i**6/120 + 13*i**5/60 - 7*i**4/12 + 8*i**3/3 - i**2. List the prime factors of q(-14).
2
Suppose 0 = 3*q - 426 + 57. List the prime factors of q.
3, 41
Let i(t) = 3*t - 1. Let c be 46/12 - (-3)/18. Suppose c - 2 = p. What are the prime factors of i(p)?
5
Suppose h + 26 = 5*t + 2*h, 0 = 2*t - 3*h - 7. Suppose -6 = -t*c + 2*c. What are the prime factors of -2 + 8 + c + -2?
2, 3
Let i(w) = 3*w**2 + 4*w + 21. List the prime factors of i(-6).
3, 5, 7
Let a be 0 - (1 + 0 - 4). Let c = 1 + a. What are the prime factors of c?
2
Suppose 3*x = -6, -4 = -0*v + 4*v + 2*x. Suppose v*r = 5*r - 85. What are the prime factors of r?
17
Suppose -9 = -w + 2*p + 3*p, -w + 4*p = -8. Let v = w - 2. Suppose -5*m + v*d + 10 = -35, -4*d = m + 13. What are the prime factors of m?
7
Suppose 2*p = -0 + 12. What are the prime factors of p?
2, 3
Let m(k) = -k + 2 + 2 + 3*k**2 - 2. List the prime factors of m(2).
2, 3
Let l(s) = 3*s - 4. Let g be l(3). Suppose 54 = g*t + j - 2, -5*j = -5*t + 80. What are the prime factors of t?
2, 3
Let a(z) = -z**2 + 5*z - 1. Let u be a(4). Let x be (-2)/(-3) + 7/u. Suppose -x*n + 2 = -13. List the prime factors of n.
5
Let p = 183 + -71. List the prime factors of p.
2, 7
Suppose 3*c + 0*c - 306 = 0. Suppose 0 = -4*j - 22 + c. List the prime factors of j.
2, 5
Let r(g) = -2*g**3 + 3*g**2 - 2*g. Let v be r(2). Let p be (-4 - 8/(-4)) + 2. Let s = p - v. What are the prime factors of s?
2
What are the prime factors of ((-1)/3*11)/((-11)/198)?
2, 3, 11
Suppose 2*g + 2*z = -16, 3*z - 4 = g - 0. Let l = g - -17. Suppose -25 + l = -3*i. What are the prime factors of i?
5
Suppose 0*d = -5*d. Suppose w - 2 = -d. List the prime factors of w.
2
Let f = -8 + 13. Suppose 5*r = -y - 6, -f*y + 19 = -r - 3. List the prime factors of y.
2
Suppose 2*i - 510 = -4*m, -2*m + 258 = 16*i - 12*i. List the prime factors of m.
127
Let f(m) = -11*m**3 + 4*m**2 - 3*m - 12. Let t(d) = 7*d**3 - 3*d**2 + 2*d + 8. Let c(l) = -5*f(l) - 8*t(l). What are the prime factors of c(3)?
2
Let l(a) = -a - 2. Let v be l(-4). Let h be 11*2 + v + -3. What are the prime factors of (-2)/(-1*6/h)?
7
Let i be 1*(-5)/((-1)/(-1)). Suppose 6*k - k + 2*j = -100, -60 = 3*k - 3*j. What are the prime factors of (-168)/k - (-2)/i?
2
Let k = 7 + -12. Let j(a) = a**2 + 4*a + 4. List the prime factors of j(k).
3
Let g(q) be the first derivative of q**2 + 3*q - 1. Let z = -7 - -12. List the prime factors of g(z).
13
Suppose -7*g + 4*g + 249 = 0. What are the prime factors of g?
83
Let d(u) = -42*u**3 + 2*u**2 + 2*u + 1. What are the prime factors of d(-1)?
43
Suppose 0 = 5*y - 0*c + 3*c - 157, -4*y = 2*c - 124. List the prime factors of y.
29
Let o be (-1)/(2 + (-94)/46). Suppose -3*l + 2 = 35. Let m = o + l. What are the prime factors of m?
2, 3
Let k = 18 - 6. Suppose 7*w = 3*w + 5*r - 7, -k = -4*r. Suppose -s + 3 = -w. What are the prime factors of s?
5
Let k(a) = a**3 + 6*a**2 + 7*a + 6. Let l be k(-4). Suppose -2*n + 32 = l. What are the prime factors of n?
11
Suppose -2*f + 178 = -128. Let t = f + -78. Suppose 5*c + 4*w - t + 14 = 0, -57 = -4*c + 5*w. List the prime factors of c.
13
Let x be (131 - -1)*(-2)/(-3). Let m = 34 - x. What are the prime factors of m/(-15)*(-10)/(-3)?
2, 3
Let a = -1 + 4. Suppose 5*x - n - 2*n + 51 = 0, -5*n - 17 = a*x. What are the prime factors of (-65)/x + 2/(-9)?
7
Suppose -2*q + 5*m + 220 = 0, 2*q - 5*m = 6*q - 410. List the prime factors of q.
3, 5, 7
Let d = -10 + 13. Suppose -d*x + 2*p = p - 20, -5*x + p + 32 = 0. What are the prime factors of x?
2, 3
Suppose -80 = -z + 5*z. Suppose -2*h = h + 33. Let v = h - z. List the prime factors of v.
3
Let o = 42 - 20. What are the prime factors of o?
2, 11
List the prime factors of (11 + 1)*116*(-1)/(-12).
2, 29
Let c(s) = -s**3 - 4*s**2 + 19*s + 12. What are the prime factors of c(-8)?
2, 29
Suppose -y = f - 226, 4*f - 259 = -2*y + 193. What are the prime factors of y?
2, 113
Let u(a) be the second derivative of -a**5/20 - a**4/3 + 2*a**3/3 - 7*a**2/2 + 7*a. List the prime factors of u(-6).
41
Let b(u) = -38 + u**3 - 7*u**2 - 6*u**2 + 15*u + 46. List the prime factors of b(12).
2, 11
Let u(c) = -c + 1. Let p be u(-3). List the prime factors of ((-3)/p)/((-2)/8).
3
Let s(r) = r**3 - 9*r**2 - r - 2. Let f be s(9). Let y(k) = -k - 2. Let x be y(-5). Let g = x - f. List the prime factors of g.
2, 7
Suppose 5*h + 84 = -3*u, 0 = u + 5*h + 38 - 10. Let a = -19 - u. What are the prime factors of a?
3
Suppose x - 35 - 9 = -g, 4*x + 49 = g. What are the prime factors of g?
3, 5
Let l(p) = p**2 - p. Let n(q) = -3*q**2 + 2*q + 3. Let d(v) = -2*l(v) - n(v). What are the prime factors of d(3)?
2, 3
Suppose g + 3*g = 88. List the prime factors of (0 - (-2 - -5)) + g.
19
What are the prime factors of (16/12)/(18/4671)?
2, 173
Let z(n) = -3*n - 2. Let j be z(9). List the prime factors of -2 + 2 + 0 - j.
29
Suppose 0 = n - 4*n + 15. What are the prime factors of ((-8)/n)/(2/(-20))?
2
Let j(a) = -a**2 + 3*a + 3. Let u be j(3). Let m(g) = -3*g + u*g - g + 13. List the prime factors of m(9).
2
Suppose 2*y - 232 = -3*q, -2*q + 2*y + 143 = y. What are the prime factors of q?
2, 37
List the prime factors of (4/(-24)*10 - 0)*-3.
5
List the prime factors of (-874)/69*(-18 + 0 + 0).
2, 3, 19
What are the prime factors of 40/20 + 8/2?
2, 3
Let c(s) = -4 - 2*s - s**2 - 3*s - 2*s. What are the prime factors of c(-5)?
2, 3
Let o be 5 + -4 - -208 - -1. Suppose -2*x = -7*x + o. List the prime factors of x.
2, 3, 7
Let a = -5 - -3. Let x be a/(-10) + 14/5. Suppose 0*v + x = v. List the prime factors of v.
3
Let u(r) = -6*r**3 - 3*r**2 - 6*r. List the prime factors of u(-4).
2, 3, 5
Suppose -4*x + 8 = -0*x. Suppose 3*y = -3*u + 57, 4*y - x*y - 37 = -u. What are the prime factors of y?
2, 3
Suppose 0 = -x - 5 - 2. Let r be ((-12)/x - 2)*-7. Suppose -2*g = r*g - 56. List the prime factors of g.
2, 7
Let h = 112 - 46. List the prime factors of h.
2, 3, 11
Let f be 14 - ((-6)/(-2) - 1). Let g be (-6)/f*-1*10. Suppose -2*v = -x - 8, 0*v - 20 = -g*v + 4*x. What are the prime factors of v?
2
What are the prime factors of (340/(-51))/(2/(-21))?
2, 5, 7
Let c(w) = w - 2. Suppose -2*q - 12 = 2*d - 0*q, -q - 13 = 2*d. Let p be c(d). Let a(b) = b**2 + 9*b + 6. List the prime factors of a(p).
2, 3
Let z(x) be the first derivative of 2*x**2 - 9*x - 1. List the prime factors of z(10).
31
Let b = 17 + -12. Suppose 3*f = a + 18, f + 5*a - 27 + b = 0. What are the prime factors of f?
7
Suppose 0 = -3*t - t + 44. Suppose 12*p - 26 = t*p. List the prime factors of p.
2, 13
Let l(a) = -a**3 + 4*a. Let y be l(-4). Let h = y - 33. What are the prime factors of h?
3, 5
Let m = -6 + 67. What are the prime factors of m?
61
Suppose -113 = -3*c - 4*m, 2*m + 103 = 3*c + m. What are the prime factors of c?
5, 7
Let r(o) = -o**3 + 6*o**2 - 4*o + 3. Let q = 1 - 5. Let f be 10/(-4)*q/2. What are the prime factors of r(f)?
2
Let v = 9 - 7. What are the prime factors of 9 - 2/(v/1)?
2
Let f be (-2)/(-10) + 18/10. Let d be -5*((-2 - 3) + f). Suppose -4*n - i + 73 = 0, -28 - d = -4*n + 5*i. List the prime factors of n.
17
Suppose h = -2*w + 22, 3*w = 2*w - h + 13. Let l(t) = t - 6. Let y be l(5). Let p = w + y. List the prime factors of p.
2
Let q = -13 - -12. What are the prime factors of 1/q - 26/(-1)?
5
Suppose 0 = -5*h - 5*l + 45, -6*h - 3*l = -2*h - 35. List the prime factors of ((-46)/h)/((-4)/16).
23
Let y(s) = -s**3 - 7*s**2 - 4*s + 8. What are the prime factors of y(-8)?
2, 13
Suppose -6*g + 567 = g. List the prime factors of g.
3
Let d(c) = -c**2 + 15*c - 11. What are the prime factors of d(14)?
3
Suppose -g = g + 4. Let r be g + 9/3 + 0. Suppose -r - 1 = -t. List the prime factors of t.
2
Suppose -3*m - m + 72 = 0. List the prime factors of 4/(-6)*m/(-4).
3
Suppose -h + 33 = 7*u - 3*u, 38 = h - u. What are the prime factors of h?
37
Suppose -5*i + 4*j + 114 = 0, -124 = -4*i - 0*j - 5*j. List the prime factors of i.
2, 13
Let c(b) = -b**3 + b + 19. Suppose 5*a - 89 = -t, -2*t = 2*t - 16. Suppose 25 = -5*v, -4*p - 3 = 4*v + a. List the prime factors of c(p).
19
Let t = 27 + 78. Suppose k = 6*k - t